.
1
Let y be 8 + -8 + 3/1. Let a(s) = -4*s**3 + 25*s**y + 1 - 5*s**3. Calculate a(1).
17
Let n(q) = 4*q**2 + 30*q - 29. Let r(c) = -c**2 - 10*c + 9. Let v(a) = 2*n(a) + 7*r(a). Determine v(8).
-11
Let y(r) be the second derivative of r**5/20 + r**4/2 + 4*r**3/3 + 5*r**2 + 3*r + 25. Give y(-5).
-5
Let m = -116 - -118. Let a(r) = -1 + 42*r**m - 54*r**2 + 0. Determine a(1).
-13
Suppose -5*d = 2*o - 24, -3*o = -5*d + 6*d - 10. Let m(l) = -2*l - 3. Let t be m(-4). Let q(a) = 2*a**2 + 0*a + t*a + 3 - 4*a**2. Give q(d).
-9
Suppose -3*t + 3*s = -12, 0*t + s + 16 = 4*t. Suppose 0 = -31*q + 58 + 4. Let d(w) = -2*w - q*w - t*w + 6*w. Determine d(3).
-6
Let k(d) = -5*d**2 + 10*d + 4. Let z(j) = -j**2 + j. Let w(b) = k(b) - 6*z(b). Let p(n) = 6 - 6 - 5 + 3*n + 1 - n**2. Let f be p(0). Calculate w(f).
4
Let m(w) be the second derivative of w**5/20 + 2*w**4/3 - w**3 + 13*w**2/2 + 35*w. Give m(-9).
-14
Suppose q = -4*k + 27, -k - 2*q = -3*k + 6. Let p be (2/k)/(-1*(-1)/9). Let f(d) = 0*d + 0*d + 3 - 5*d. Determine f(p).
-12
Let x be -1 - (4 + -2) - -2. Let u(i) = i**3 + 8*i**2 + 8*i + 8. Let s be u(-7). Let v(y) = 0*y + s + 0 + 2*y - y. Determine v(x).
0
Suppose -3*i = -9 - 6. Let j(y) be the second derivative of y**5/20 - 5*y**4/12 - y**3/2 + 3*y**2 + 1374*y. Give j(i).
-9
Let s(k) be the second derivative of k**3/6 - 3*k**2/2 - 87*k. Give s(-3).
-6
Suppose 5 = 5*d - 25. Suppose -t = 0, l + d*t = t - 2. Let b(y) = 4*y + 3. Give b(l).
-5
Suppose -2 = 3*r - 8. Let t(a) = -13*a. Determine t(r).
-26
Suppose 0 = 14*z - 17*z + 18. Suppose 3*r = 2*r + z. Let p(w) = -w**3 + 7*w**2 - 4*w - 5. Determine p(r).
7
Let w(k) = 12*k - 1. Let y(z) = 2*z**2 - 13*z + 7. Let m = -1 + 7. Let q be y(m). Give w(q).
11
Let l(t) be the first derivative of t**7/840 - t**6/72 + t**5/120 - t**4/4 + 7*t**3/3 - 13. Let v(a) be the third derivative of l(a). What is v(5)?
-1
Let o = 4 - 3. Let j(t) = 483 + t - 157 - 3*t - 162 - 163. Give j(o).
-1
Let m(o) be the first derivative of -o**3/3 - 3*o**2 + 6*o - 89. Calculate m(-6).
6
Let z(g) = 7*g**2 - 44*g + 61. Let h be z(4). Let d(r) = 17*r**2 + 4*r + 11. Let f(v) = -8*v**2 - 2*v - 5. Let m(y) = -6*d(y) - 13*f(y). What is m(h)?
11
Let o(s) = s**3 - 8*s**2 + 6*s - 3. Let f(k) = -k**3 - 28*k**2 + k + 33. Let t be f(-28). Determine o(t).
-48
Suppose -3*z + 5 = 5*t - 22, -2*z - 5*t = -18. Let f(q) = -q**2 + 8*q + 15. Determine f(z).
6
Let l(m) be the second derivative of 4*m - m**3 + 0 + 5/2*m**2 + 1/12*m**4. Let w be l(5). Let y(i) = i**2 - i + 4. What is y(w)?
4
Let d(w) = 7*w - 4. Suppose -10*t = -13*t - 12. Let h(g) = 15*g - 8. Let z(b) = t*h(b) + 9*d(b). What is z(5)?
11
Let h(l) be the second derivative of l**3/3 + 2*l**2 + 1340*l. Let i = -5 + -1. Give h(i).
-8
Let i(l) = -2*l. Let z(o) = o**2 + 4*o + 1. Suppose -n - 6*n = 21. Let y be z(n). Determine i(y).
4
Let h(a) = -2*a**2 - 4*a + 8. Let w(p) = -4*p**2 - 3*p - 4. Let x(u) = -u**2 - u. Let l(c) = -w(c) + 5*x(c). Let r(t) = 4*h(t) - 9*l(t). Give r(-3).
-1
Let v = 1753/6 + -292. Let f(t) be the second derivative of 5*t + 0 + 2*t**2 + v*t**3. What is f(0)?
4
Let y(u) = -6*u + 4. Let b(v) = -2*v + 2. Let t(o) = -3*o + 3. Let w(n) = -4*b(n) + 3*t(n). Let f(z) = 5*w(z) - y(z). Calculate f(3).
4
Suppose -5*r + 4*b + 49 = 0, -4*b = 11*r - 8*r - 23. Let v(g) = g**2 - 11*g + 2. Determine v(r).
-16
Let p(z) be the second derivative of 0 + 1/2*z**2 + 27*z + 3/2*z**3. Calculate p(-1).
-8
Let l = -9 - -5. Let w(i) = i**3 + 4*i**2 + i - 1. Let p be w(l). Let t(q) = 39*q - 131*q - q**2 + 40*q + 47*q - 3. What is t(p)?
-3
Suppose 3*b = -r + 6*r - 28, 0 = 2*b + 2. Suppose 0 = -u + 5*l + 2 - r, -5*u = l - 11. Let p(i) = -2*i**3 + 3*i**2 - 2. Give p(u).
-6
Let f(r) be the second derivative of 7/2*r**2 + 4/3*r**3 - r + 0. Let v(g) = -g - 1. Let b(d) = f(d) + 6*v(d). Calculate b(-1).
-1
Let o(i) = -i**2 + 9*i - 8. Let g be o(8). Suppose 0 = 5*u + 20, -1 = -3*v - 2*u. Let z(d) = d + d + g + v. Give z(-3).
-3
Let u(r) be the second derivative of r**3/2 + 10*r**2 - 317*r. What is u(-8)?
-4
Let v(h) be the second derivative of h**5/20 + h**4/3 - h**3/6 + 3*h**2/2 + h - 4. What is v(-4)?
7
Let k = 9 + -1. Let x = k - 2. Suppose -i - 5*z + 2 = 0, 10 = -2*i - 2*z + x*z. Let j(p) = -p**2 + 2*p - 2. Determine j(i).
-17
Let p(o) be the first derivative of o**5/120 - 11*o**3/3 + 3. Let a(h) be the third derivative of p(h). What is a(-9)?
-9
Let v = 19 + -4. Suppose -51 = -t - v. Suppose 3*z - 1 = k, -4*k = -z + 5*z + t. Let l(g) = g + 6. Determine l(k).
-1
Let g be 32/14 - (-16)/(-56). Let p(f) = -98 + f**g + 100 - f**2 - f**2 + 2*f. Give p(2).
2
Let w(o) = o + 2. Let d be (286/22)/((-1)/(-1) - 2). What is w(d)?
-11
Suppose -2*m - 27 + 33 = 0. Let f(c) = 7*c - 2. Give f(m).
19
Let c be (-20)/(-12)*3 + -3. Let z(i) = -i**2 + 0*i**c - 11 + 7 - i + 7. Give z(-4).
-9
Let o(q) be the second derivative of q**3/3 - 3*q**2 + 8*q. Let s be o(3). Let b(z) = 6 + 0*z**3 + 5*z**3 - 4*z**3. Determine b(s).
6
Let j(y) be the first derivative of -y**4/4 - y**3 + y**2 + 5*y - 699. Calculate j(-4).
13
Let h(z) = -3*z**2 + 1. Let v = -2 - -3. Let x be h(v). Let o(s) = 6*s + 4. Let m(i) = -i - 1. Let j(n) = 4*m(n) + o(n). What is j(x)?
-4
Let p(j) = -j + 6. Suppose -4972*z = -4983*z - 33. Determine p(z).
9
Let s(r) = -r**3 - 4*r**2 - 3*r - 1. Let x(z) = 4*z**2 - 2*z - 2. Let h be x(0). Give s(h).
-3
Let h(i) be the second derivative of i**4/12 + i**3 - 2*i**2 - 4*i - 12. What is h(-5)?
-9
Let r(k) = -k**3 - 4*k**2 - 2*k + 2. Let y(h) = -2 + 0*h**2 + 4*h + 2*h**2 + 2*h**2 + h**3 - 2*h. Let v(o) = 3*r(o) + 2*y(o). Calculate v(-3).
-1
Let l(n) be the third derivative of -n**6/120 - n**5/60 + n**4/24 - n**3/6 - 15*n**2. Let x = -2 + 0. Determine l(x).
1
Suppose 2*m - 157 = w, 77 = m + 2*w - 4*w. Let f(l) = 0 - m*l - 1 + 76*l. What is f(4)?
-13
Let n be (6 + -4 - 6)/1. Let t(b) = 10*b + 4. Determine t(n).
-36
Let v = 42 - 40. Let t(u) = -5 - 6*u + u**3 + 7 + 5*u**v + 1 + 3. Suppose -3*i = -6*i - 18. Give t(i).
6
Let d(i) = -i + 1. Let h(b) = -2*b. Let t = 29 + -34. Let m(l) = t*d(l) + h(l). Calculate m(4).
7
Let l = 77/142 - 3/71. Let p(r) be the first derivative of 1/4*r**4 + r**3 - 4*r + 4 - l*r**2. What is p(-3)?
-1
Let c be (-186)/26 + 24/156. Let h(q) = 6*q - 6. Let z(x) = -x**2. Let v(a) = -h(a) + z(a). Give v(c).
-1
Let f be 15/9 + (-2)/3. Let w(j) = 5*j**2 + 1. Let g be w(f). Let z(q) = q + 31 - 81 + 42. Calculate z(g).
-2
Let w(q) = -28*q**2 + 2*q - 18*q**2 - 29*q**2 + 84*q**2 - 3*q. Let c(t) = t + 4. Let z be c(-5). Determine w(z).
10
Suppose 0 = 5*y - 5*j - 30, 3*j = -2*y - 2*j - 16. Let w(h) = -7*h**2 - h + 7*h**2 + h**y + 9. Give w(0).
9
Let i = -8 + 9. Let s(m) = -9*m**3 + m + 12*m**2 + 5 - 20*m**2 - 3*m. Let h(k) = 3*k**3 + 3*k**2 + k - 2. Let v(p) = 8*h(p) + 3*s(p). Determine v(i).
-2
Let g be (-123)/((-1)/1*-1). Let r = g - -128. Let i(n) = 3*n - 7. Determine i(r).
8
Let a(c) = 5*c**2 - 4 - c**2 - 3*c**2 + 2. Suppose 5*k - 4*t = -21, -17 = -3*k + 2*t - 7*t. Let i be (2 + k + -1)/(-3). Calculate a(i).
-2
Let a(l) = l**3 + 7*l**2 + 4*l - 17. Let t be a(-6). Let b(p) = p**3 + 4*p**2 - 7*p - 10. Calculate b(t).
0
Let p(d) = d**3 + 12*d**2 + 12*d + 12. Let m be p(-11). Let q = 13 - 5. Let t(n) = -n + q + n - m - n. Give t(5).
2
Let d = 285 - 279. Let u(t) = -t**3 + 6*t**2 - 3. Calculate u(d).
-3
Let m(z) be the second derivative of -1/20*z**5 - 1/2*z**4 + 0 + 7/2*z**2 - 25*z + 3/2*z**3. Determine m(-7).
-7
Let i(q) be the second derivative of -q**3/3 - 7*q**2/2 + q. Let s(z) = -5*z**3 - 3*z**2 + 5*z - 3. Let w be s(1). What is i(w)?
5
Let o(s) be the first derivative of -7 + 1/3*s**3 - 7*s + 3/2*s**2. Let g(n) = -3*n + 4. Let w be g(3). What is o(w)?
3
Let g(a) be the second derivative of 0 - 1/20*a**5 - 5/2*a**2 - 7/6*a**3 + 3/4*a**4 + 41*a. Calculate g(8).
3
Let d(f) = 8*f - 7. Let i be d(2). Suppose 0 = 14*p - i*p - 15. Let c(t) = -t**2 + 3*t. Calculate c(p).
0
Let z(o) be the second derivative of -o**3/6 - 3*o**2 + 2*o. Suppose -4 = -v + 1. Suppose -2*s = -v*s - 21. Determine z(s).
1
Let j(n) = 3*n**3 + 9*n**3 - 3*n**2 + 2*n**3 - 4 - 15*n**3 - 2*n + 7*n**2. Calculate j(3).
-1
Let h(m) = m**3 - 9*m**2 + 5*m - 35. Let i be h(9). Let f(s) be the third derivative of s**6/120 - s**5/6 - s**4/12 + 5*s**3/2 - 2*s**2. Calculate